t x be b(-2). Let o(k) = 97*k**2. Is o(x) composite?
False
Let z(k) = 25*k**2 - 8*k - 11. Is z(6) a composite number?
True
Suppose -859 = -3*o + 899. Suppose o + 300 = q. Suppose 4*d - 3*c = q - 84, 2*c + 203 = d. Is d prime?
True
Suppose 4*t - 7601 + 1419 = -2*l, -20 = -4*l. Is t a composite number?
False
Is (-572)/(-299) + -2 - (-374490)/46 a prime number?
False
Let i be 40/(1*(2 + -1)). Is 2882/6 - i/(-60) composite?
True
Suppose -7*y + 40098 = -16469. Is y a composite number?
False
Let u(n) = n**3 - 13*n**2 - n - 13. Let h(v) = -3*v**3 + 38*v**2 + 3*v + 38. Let g(d) = 4*h(d) + 11*u(d). Is g(6) a composite number?
True
Let j(c) = -581*c. Let t(d) = -d**2 - d - 1. Let o be t(0). Is j(o) prime?
False
Let p(m) be the third derivative of 7*m**4/24 - m**3/3 - 3*m**2. Let x be p(1). Suppose x*q - 1660 = w, 0 = -2*q + q + 4*w + 351. Is q composite?
False
Let b = -8831 - -14958. Is b a composite number?
True
Suppose 6316 = 2*f - 5*r, 4*f + 5*r - 10675 = 1957. Is f prime?
False
Suppose 2*w + 830 = 7*w. Suppose 0 = -5*o + 244 - 179. Let k = o + w. Is k a prime number?
True
Let r be -2798 - (-4 + (8 - 4)). Is (-6)/(-4) - 2/(8/r) prime?
True
Let x = 796 + 665. Is x a composite number?
True
Suppose 0 = -16*n + 3*n + 8294. Let c = -264 - -571. Let y = n - c. Is y a composite number?
False
Suppose 0 = -3*t - 6, 0*y + 22 = -2*y + 2*t. Let c(k) = 2*k**2 - 9*k - 6. Is c(y) composite?
False
Is (-15)/(-75) - 8514/(-5) a composite number?
True
Let g(j) = 58 + 41*j**2 + 2*j + 15*j - 41. Is g(-7) a prime number?
True
Let x be 0 + 475 + -2 + -1. Suppose -q = z - 473, -z - 2*q = -x - 5. Is z prime?
False
Let g = 784 - -897. Suppose -3*j = 3*f - 1260, -3*j + 5*f = -7*j + g. Is j composite?
False
Suppose 81*s - 41484 = 69*s. Is s a prime number?
True
Suppose 113 = -2*q + 5. Is (-22296)/q - 3/(-27) a prime number?
False
Let v be (-139)/2*-138 + 4. Let i = v - 2558. Suppose 1162 + i = 9*l. Is l composite?
False
Let d(y) be the third derivative of 7*y**4/24 + 5*y**3/3 + y**2. Let n be d(-9). Is (-6 - -4)*1*n a prime number?
False
Let z = 231 - -1130. Is z a composite number?
False
Let y(j) = j**3 - 10*j**2 + 10*j - 10. Let a be y(11). Let o = a - -70. Is o composite?
True
Let o = 249 + 109. Suppose -105 + o = 4*s - 3*l, -92 = -s - 5*l. Is s composite?
False
Suppose -2*t + g = -15169 - 35983, 3*t + 2*g - 76735 = 0. Is t prime?
True
Let w be 1/(-4) + (-9)/(-4). Let r = 8 - 4. Suppose o + w*c - 211 = c, 0 = -r*o - c + 844. Is o a composite number?
False
Suppose -2*j = -10048 - 22228. Is j a prime number?
False
Let z = 290 - 56. Let j(s) = -29*s + 121. Let y be j(-14). Let x = y - z. Is x composite?
False
Suppose -5*y = -5*i - 10, -4*y - i - 2 = -3*y. Let v(p) = 228*p - 2. Let z be v(2). Suppose -3*b - g + 659 = y, g + z = 2*b - 2*g. Is b a prime number?
False
Suppose 0 = 3*l - 18. Let q be 195/10*56/l. Let r = q + -105. Is r composite?
True
Let y(p) = -p + 5. Let r be y(-3). Suppose 2*g = -r - 46. Is (-5706)/g - (-1)/(-3) composite?
False
Let u(j) = j**3 + 34*j**2 - 40. Is u(-23) a prime number?
True
Suppose -4*w + 7*w = 60. Let p be -1*4*15/w. Is -958*2*p/12 a composite number?
False
Let b = 35 + -43. Let a(f) = -4*f - 13. Is a(b) prime?
True
Let p be 5 - (3/1 - 1). Suppose -r + p*r = 6. Suppose -1132 = -r*s - t, 4*s = -3*t + t + 1506. Is s a prime number?
True
Let i(j) = j**3 - 14*j**2 + j. Let h be i(14). Let n = h - 14. Suppose 5*b - 1547 + 442 = n. Is b a prime number?
False
Let x(n) = -66*n + 31. Let k be x(5). Let u = k - -2058. Is u a prime number?
True
Let o(p) = p**3 - 20*p**2 - 54*p - 16. Let u(l) = -l**3 + 6*l**2 + 11*l - 5. Let v be u(7). Is o(v) a prime number?
False
Let c be (9/6)/(3/28). Let n = 2 - 9. Is (n/c)/(2/(-204)) composite?
True
Let o(y) = -y**3 + 31*y**2 + y + 7. Suppose -2*v = 2*u - 50, 4*u + u - 4*v = 170. Is o(u) a prime number?
True
Let j(h) be the third derivative of -173*h**6/40 - h**5/15 - h**4/6 - h**3/3 + 18*h**2. Is j(-1) a composite number?
True
Suppose -14*w = -18*w + 36604. Is w prime?
True
Suppose 4*a + 700 = 4*v, 0 = -4*v + 10 + 10. Let n = 323 + a. Let r = 236 + n. Is r composite?
False
Let n(i) = 471 - 5*i**3 + 6*i**3 - 277 + 1343 - i**2. Is n(0) composite?
True
Let u be (-13)/52 - (-26)/8. Suppose 3*v = -3*w + 639, 2*w - 4*w - u*v + 428 = 0. Suppose -5*p + 47 = 4*h - 242, -2*p = -3*h + w. Is h a prime number?
True
Let l(p) = 4*p**2 - 4*p - 4. Let b be l(3). Let x(c) = c**3 - 19*c**2 - 15*c - 5. Is x(b) prime?
False
Suppose -3*y - 3*w + 2790 = 0, 2*w - 368 - 558 = -y. Is y composite?
True
Is ((-6)/(-20))/((-81)/(-135))*77002 a composite number?
False
Is (-95001)/(-9) - 12/18 composite?
True
Suppose -5*q + 3*x = -19, 4*q + 4*x + 4 = -0. Suppose 0 = p - 0*s - 3*s - 16, -p + q = 4*s. Suppose p*t - 4*t = 1014. Is t a composite number?
True
Suppose 5*i - 2*z - 1671 - 977 = 0, 0 = 5*z + 20. Let d = i - 317. Is d prime?
True
Let v(g) = 6*g**2 + 42*g + 42. Let b be v(-1). Let s(k) = -k**3 + 4*k**2 - 3*k - 4. Let j be s(3). Is b - (-1 + 4) - j a composite number?
False
Let w be 4*(-9)/(-12) + 0. Is ((-2)/w - -1)/((-1)/(-501)) prime?
True
Let f(p) = 11758*p**3 - 9*p + 10. Is f(1) prime?
False
Let l(g) = 440*g + 49. Is l(5) a prime number?
False
Is (-63793)/(-13) - (-1)/39*-6 a prime number?
False
Is (-66135)/60*(-4 + 0) composite?
False
Suppose -4*s + 104407 = 3*w, -8 + 11 = 3*s. Is w a prime number?
False
Suppose f + 204 = -t + 985, -4 = -f. Is t/(-9)*6/(-2) a composite number?
True
Suppose 0 = -p - 28*p + 11455. Is p prime?
False
Let d be (-426)/(-24) - (-1)/4. Let c = 115 - d. Is c a prime number?
True
Suppose -4*m = 23*w - 20*w - 3001, m + 3026 = 3*w. Is w a prime number?
False
Suppose -15522 = -5*r - 4*t, -4*r + 1415 = 4*t - 11001. Is r a composite number?
True
Let l = -3072 - -8084. Suppose 3*m - l = -m. Is m composite?
True
Suppose 0 = -p + 4*p + 4*h - 9897, 5*p + 4*h - 16503 = 0. Let j = p - 874. Is j prime?
False
Is 13/((-39)/(-32502)) - -7 a composite number?
True
Suppose 2*t + 0*t + 66159 = 3*f, 88213 = 4*f - 3*t. Is f prime?
True
Let b(a) be the first derivative of 19*a**2 + 69*a - 19. Is b(16) prime?
True
Let r(f) = f**3 - 6*f**2 - f - 1. Let s be r(6). Let m be (-33)/s + 18/63. Suppose -m*h - 59 = -k + 74, 2*h = -3*k + 348. Is k composite?
True
Suppose -4 = 2*f - 12. Let j be ((-252)/(-24))/(6/f). Let t = 346 + j. Is t a composite number?
False
Let d be (664/(-20))/((-4)/140). Let p = 2249 - d. Is p a composite number?
False
Suppose 4*u = -j + 18, 5*j = -3*u - u + 26. Is (-307)/u*(8 - 12) a composite number?
False
Suppose 0 = 2*x - 5*t - 8653, 4*x = 5*t + 13992 + 3299. Is x a prime number?
False
Let c = 73 - 69. Suppose -u + c*d + 975 = 0, 2*u + 4*d - 1936 = 5*d. Is u prime?
True
Let j(n) = n**2 + 2. Let t be j(15). Suppose 5*k + t = -4*v, 0 = 4*k + 4*v + 214 - 34. Let d = k + 156. Is d composite?
False
Suppose -4*n = 4*k - 4, 0*k = -2*k - 3*n + 4. Let j(h) = -1076*h + 1. Is j(k) a prime number?
False
Let t be 15 - 7 - (4 - 0). Suppose 6*q + 4*n = q + 51, 4*q - 44 = -t*n. Suppose q*y = 3*y + 1356. Is y a composite number?
True
Suppose -4*w + 11*b + 23115 = 12*b, 4*b + 4 = 0. Is w prime?
True
Is 7/3 + 345144/18 a prime number?
False
Suppose 2473 = -5*f + 11728. Is f a prime number?
False
Let x(b) = b**2 + 14*b + 4. Let c be x(-14). Suppose -5*v - 2*n + 5*n - 5 = 0, c*v - 5*n + 4 = 0. Let t(f) = -202*f + 1. Is t(v) a prime number?
False
Let d(o) = 146*o**2 - 33*o + 8. Is d(11) composite?
True
Suppose 14072 = 2*m + 3*i - 5*i, -5*m = 3*i - 35204. Is m prime?
True
Suppose k = u - 401 + 98, -914 = -3*u + 4*k. Is u composite?
True
Let l(n) = -37*n - 9. Let g = 32 + -6. Suppose 4*y + 3*d + g = 4*d, y - d = -8. Is l(y) composite?
True
Let f = -12142 + 107843. Is f a composite number?
False
Suppose -f = -8*u + 4*u + 16646, 0 = 3*f - 6. Is (-2 + 3)/2*u a prime number?
True
Suppose -17*k = -q - 12*k + 1526, 2*q - 4*k = 3070. Is q a prime number?
False
Suppose -2*q + 370 = -3*i, 8*i + 915 = 5*q + 3*i. Suppose b - 95 = q. Let t = b - 181. Is t a composite number?
True
Suppose 0 = -6*r + 33010 + 88352. Is r a composite number?
True
Let g = 2 - 7. Let k be 75/12 - 2/8. Is (-130)/4*k/g prime?
False
Let y = 12 - 19. Let k = -9 - y. Is (-1)/((-1)/237) - k a prime number?
True
Is 2 - 1566*(-130)/20 a prime number?
True
Let y(m) = -75*m - 1. 